 x and v?
27
Let m be ((-114)/(-4))/(72/144). Calculate the greatest common factor of 6 and m.
3
Suppose -2*x - 27 = -x - 2*f, 3*f = 2*x + 57. Let r(g) = -26*g + 29. Let i be r(10). Let j = x - i. What is the greatest common factor of j and 18?
18
Suppose -4*o - 2*i + 1026 = 0, 5*o - 3435 = 4*i - 2159. Calculate the highest common divisor of 8384 and o.
64
Let p = -111 + 222. Let d be (5 + (-16)/3 + 0)*888/(-8). Calculate the highest common factor of p and d.
37
Let l = -2664 - -3797. Calculate the highest common factor of l and 515.
103
Let f = -15528 + 19761. Calculate the highest common divisor of f and 102.
51
Let i = 4989 + -4944. Calculate the highest common divisor of 560 and i.
5
Let c = 0 + 2628. What is the greatest common divisor of 60 and c?
12
Let u(f) = 11 + 4*f**2 - 18 - f**3 + 4*f + 16. Let j be u(4). What is the highest common factor of j and 125?
25
Suppose i + 28 = 3*o, 107*o - 105*o - 4*i - 22 = 0. What is the greatest common divisor of 1251 and o?
9
Suppose 6 = -3*q - 2*v, -q - 9 = 5*v - 2*v. Suppose q*l - 29 = -l. Let r = -2704 - -2820. Calculate the highest common divisor of r and l.
29
Suppose 3 = o, -j = 3*j - 4*o - 588. Let c(m) = m**2 + 3*m + 16. Let d be c(-4). What is the greatest common factor of d and j?
10
Suppose -2*d + 5*n = -23, 2*d = 3*n - n + 14. Let w = 560 + -532. What is the greatest common factor of d and w?
4
Let c be -1*(-5 + 4)*(55 + 9). Let w(z) = -2*z. Let p be w(-1). What is the greatest common factor of p and c?
2
Let k = 299 - 229. Suppose -2*l + 2*s + 1538 = 0, 2 = 5*s - 3. What is the highest common factor of k and l?
70
Suppose -5*y = -5*u + 85, 0 = 4*u + 5*y - 17 - 60. Suppose 0 = 9*k - u*k + 549. What is the highest common factor of k and 305?
61
Suppose 18*z - 1555 = 2837. Calculate the highest common factor of z and 1769.
61
Let k(l) = 72*l + 1043. Let a be k(26). Calculate the greatest common divisor of 110 and a.
55
Let g be (-1)/((14/(-1365))/(24/9)). Suppose 21*q = q + g. Suppose -q*m - 367 + 2941 = 0. What is the highest common divisor of m and 22?
22
Suppose -224 = 3*q + 85. Let z = 109 + q. What is the highest common factor of 22 and z?
2
Let c = -745 + 781. Let b = c - -30. Calculate the highest common divisor of b and 231.
33
Let v(j) = -j**2 + 131*j + 3397. Let f be v(-22). Calculate the greatest common factor of f and 10943.
31
Suppose 0 = -d + 3*d - 42. Suppose 24*c + 3*q = 837, -87*c - 126 = -89*c - 4*q. Calculate the greatest common divisor of d and c.
3
Suppose u - 3*u + 32 = 0. Let l(k) = -78*k + 854. Let a be l(9). What is the greatest common divisor of u and a?
8
Let o be ((-94)/7)/((-24)/84). Let j = 205 + -111. What is the greatest common factor of j and o?
47
Let o be ((3 + 284/8)*-2)/(-1). Let k(v) = -56*v + 123. Let j be k(2). Calculate the highest common factor of o and j.
11
Let u = -5031 - -5079. What is the greatest common factor of 5112 and u?
24
Let t = 91 + -13. Suppose -t = -3*y + 33. Suppose 0 = 35*a - 37*a + 370. What is the highest common divisor of y and a?
37
Let y be ((-140)/21)/(1/(-3)). Let j = -18 + y. Suppose -28 = -j*b - 16. Calculate the greatest common factor of b and 9.
3
Suppose 18*n + 4*n = 0. Suppose g = 3*u + 14, n = 4*g + u - 21 - 9. Calculate the greatest common factor of g and 256.
8
Let u = -5167 - -5241. What is the highest common factor of u and 8362?
74
Suppose 0 = -16*v - 33052 + 33340. Calculate the highest common factor of 126 and v.
18
Suppose 520*j = 522*j - 2*v - 74, -j - 3*v + 25 = 0. What is the highest common divisor of 2006 and j?
34
Let x(t) = -t**2 + 5*t + 16. Let a be x(7). Let w be 1 - (-1)/(1 - a). Suppose 51*s - 55*s + 896 = w. Calculate the highest common factor of 28 and s.
28
Suppose -54 = h - 10*h. Suppose 3*a - 76 = w, -5*a - 8 - 28 = w. Let v be 4*-2*(-1)/(-8) - w. Calculate the highest common divisor of v and h.
6
Suppose -m + 3*h = -9, -2*h = -5*m + 1 + 18. Suppose -173 = -m*j + 7. Let y(a) = a**2 - 9*a - 50. Let u be y(15). What is the greatest common factor of j and u?
20
Suppose 230 = -4*w + 9*w + 2*b, -2*w - 2*b = -86. What is the highest common divisor of 948 and w?
12
Let p(u) = -u**2 - 43*u - 17. Let a be (-45)/20*28*6/9. Let o be p(a). Calculate the greatest common factor of o and 35.
5
Let c be (3 + 6/(-4))*2. Let a(f) = -24*f**3 + 360*f**2 + 29. Let u be a(15). What is the highest common factor of c and u?
1
Let a be 824/5 + (-3)/(-15). What is the greatest common divisor of a and 55?
55
Suppose -9*m - 127 = -586. What is the highest common factor of m and 1445?
17
Suppose 0 = -5*k - 98 - 622. Let d be (-441)/(-6)*k/28. Let o = -202 - d. Calculate the highest common divisor of 16 and o.
16
Let a = 5733 - 5688. What is the highest common divisor of 60 and a?
15
Let b be (-28)/(-1) - (11 - 12). Let g(s) = -8*s**3 - 2*s**2 + 7*s - 9. Let n be g(2). Let z = n + 299. Calculate the highest common factor of z and b.
29
Suppose n = 58 - 62. Let b be (-3)/(-42)*n - 48/(-21). Suppose 3*h + 109 = 4*k, 3*k - b*h + 0*h = 81. Calculate the greatest common factor of 25 and k.
25
Let m be (-4)/(-5) - -48*348/120. What is the greatest common factor of m and 1780?
20
Suppose 2*z = 0, -75*k = -74*k + 2*z - 3. Suppose 0 = 5*w - 5*u - 270, 30 = -3*w - k*u + 174. Calculate the highest common divisor of w and 102.
51
Suppose 8*k = 3*x - 67, 102*x - 4*k + 77 = 107*x. Suppose -b = -2*r - 0*r, 0 = b - r. Suppose -4*w = -b*w - 340. What is the greatest common divisor of x and w?
17
Suppose -9*p + 20045 = 63*p + 4997. Let m = -17 - -36. Calculate the highest common divisor of p and m.
19
Let k(l) = 450*l + 2283. Let q be k(-5). Let j be (-3 + 3 + -1)*3. Let o = j - -36. Calculate the greatest common factor of q and o.
33
Let y(t) = -10*t**2 - 34*t - 4. Let a be y(-3). Suppose -958 - 2034 = -a*s. What is the highest common divisor of 34 and s?
34
Let k = 5386 - 5228. What is the greatest common factor of 15800 and k?
158
Let g(q) = q**3 - 7*q**2 - 18*q - 10. Let c be g(9). Let k be (-40)/12*348/c. Let j = -23 - -27. Calculate the greatest common factor of j and k.
4
Let h be (-416)/32 - 435/(-33) - 1580/(-22). What is the highest common divisor of h and 22392?
72
Let i be 949 - 0 - (230/60 + (-13)/(-78)). What is the greatest common factor of i and 140?
35
Let v(c) = -c**2 - c + 2. Let n be v(1). Suppose -5*p = -n*u + 4*u, 5*p = 5*u. Suppose p*b = -7*b + 336. What is the greatest common factor of 32 and b?
16
Let h be 90/((-12)/2) - -1360. What is the highest common factor of h and 5?
5
Let a(n) = n**3 + 10*n**2 - 52*n + 50. Let y be a(4). Calculate the highest common divisor of y and 2222.
22
Let b be 6/(-99) + 59430/(-495)*-1. Calculate the greatest common factor of 168 and b.
24
Let d(b) = b**3 + 32*b**2 + 86*b - 27. Let u be d(-29). Let c be (-3)/(9/(-123) + 0). Let j = c + -13. Calculate the highest common factor of j and u.
2
Let h be (-3 - (-140)/10)*(4/4 - -8). Calculate the highest common divisor of 15 and h.
3
Suppose -318 = 14*p - 67*p. Calculate the highest common factor of 1038 and p.
6
Let n be 32784/108 + -7 + -8*(-2)/36. What is the greatest common divisor of 4401 and n?
27
Let o be 44 - 0 - (-5)/5*1. Let n be 68/(-782) + 694/46. What is the highest common divisor of o and n?
15
Let j be 0 + -2 + (2 - 2) - 6. Let f be 19/76*-2*j/2. Suppose 2*t + 2 = -2*n + 34, -f*n - t = -35. Calculate the greatest common divisor of n and 19.
19
Suppose 0 = 2*h + h. Suppose 0 = -h*c + c - 11. Let a be (-20)/(-110) + 964/22. Calculate the highest common divisor of a and c.
11
Let j(x) = -x**2 + 10*x + 15. Let f be j(11). Suppose 4*d + 47 - 12 = 3*z, f*d = -z + 1. What is the highest common divisor of 441 and z?
9
Suppose 2*x + 4684 = 3*f, 0 = 25*f - 30*f - 5*x + 7790. Calculate the highest common factor of 39 and f.
39
Let m = -263 + 263. Suppose 4*p + 4*t + 62 - 202 = m, -5*p + 3*t = -183. Suppose r + 5 - 14 = 0. What is the highest common divisor of p and r?
9
Suppose -1255*m + 1239*m + 1392 = 0. Suppose 3*r = -108 - 171. Let b = 151 + r. What is the highest common factor of b and m?
29
Let t = 1538 - 1423. Let x be (-2)/(-7) - (-537)/7. Let u = t - x. Calculate the highest common divisor of 38 and u.
38
Let a = 1859 - 1067. What is the greatest common factor of a and 561?
33
Suppose -1611 = -2*z + 5*c, -2*z = 3*c - 697 - 8